{"id":5515,"date":"2022-02-21T20:23:08","date_gmt":"2022-02-21T20:23:08","guid":{"rendered":"https:\/\/www.somagazkft.hu\/?page_id=5515"},"modified":"2022-02-22T08:35:48","modified_gmt":"2022-02-22T08:35:48","slug":"kapcsolat","status":"publish","type":"page","link":"https:\/\/www.somagazkft.hu\/?page_id=5515","title":{"rendered":"Kapcsolat"},"content":{"rendered":"<div class=\"fusion-fullwidth fullwidth-box fusion-builder-row-1 fusion-flex-container nonhundred-percent-fullwidth non-hundred-percent-height-scrolling\" style=\"--awb-border-radius-top-left:0px;--awb-border-radius-top-right:0px;--awb-border-radius-bottom-right:0px;--awb-border-radius-bottom-left:0px;--awb-flex-wrap:wrap;\" ><div class=\"fusion-builder-row fusion-row fusion-flex-align-items-flex-start fusion-flex-content-wrap\" style=\"max-width:1430px;margin-left: calc(-4% \/ 2 );margin-right: calc(-4% \/ 2 );\"><div class=\"fusion-layout-column fusion_builder_column fusion-builder-column-0 fusion_builder_column_1_2 1_2 fusion-flex-column\" style=\"--awb-bg-size:cover;--awb-width-large:50%;--awb-margin-top-large:0px;--awb-spacing-right-large:3.84%;--awb-margin-bottom-large:20px;--awb-spacing-left-large:3.84%;--awb-width-medium:50%;--awb-order-medium:0;--awb-spacing-right-medium:3.84%;--awb-spacing-left-medium:3.84%;--awb-width-small:100%;--awb-order-small:0;--awb-spacing-right-small:1.92%;--awb-spacing-left-small:1.92%;\"><div class=\"fusion-column-wrapper fusion-column-has-shadow fusion-flex-justify-content-center fusion-content-layout-column\"><div class=\"fusion-title title fusion-title-1 fusion-sep-none fusion-title-center fusion-title-highlight fusion-loop-off fusion-highlight-underline fusion-title-size-one\" style=\"--awb-highlight-color:var(--awb-color4);--awb-margin-top:0px;--awb-margin-bottom:30px;\" data-highlight=\"underline\"><h1 class=\"fusion-title-heading title-heading-center\" style=\"margin:0;\"><span class=\"fusion-highlighted-text-prefix\">K\u00e9rjen egy<\/span> <span class=\"fusion-highlighted-text-wrapper\"><span class=\"fusion-highlighted-text\" style=\"font-size:;\">id\u0151pont egyeztet\u00e9st<\/span><\/span> <span class=\"fusion-highlighted-text-postfix\"><\/span><\/h1><\/div>\n<div class=\"wpcf7 no-js\" id=\"wpcf7-f5285-o1\" lang=\"hu-HU\" dir=\"ltr\" data-wpcf7-id=\"5285\">\n<div class=\"screen-reader-response\"><p role=\"status\" aria-live=\"polite\" aria-atomic=\"true\"><\/p> <ul><\/ul><\/div>\n<form action=\"\/index.php?rest_route=%2Fwp%2Fv2%2Fpages%2F5515#wpcf7-f5285-o1\" method=\"post\" class=\"wpcf7-form init\" aria-label=\"Kapcsolatfelv\u00e9teli \u0171rlap\" novalidate=\"novalidate\" data-status=\"init\">\n<fieldset class=\"hidden-fields-container\"><input type=\"hidden\" name=\"_wpcf7\" value=\"5285\" \/><input type=\"hidden\" name=\"_wpcf7_version\" value=\"6.1.5\" \/><input type=\"hidden\" name=\"_wpcf7_locale\" value=\"hu_HU\" \/><input type=\"hidden\" name=\"_wpcf7_unit_tag\" value=\"wpcf7-f5285-o1\" \/><input type=\"hidden\" name=\"_wpcf7_container_post\" value=\"0\" \/><input type=\"hidden\" name=\"_wpcf7_posted_data_hash\" value=\"\" \/><input type=\"hidden\" name=\"_wpcf7cf_hidden_group_fields\" value=\"[]\" \/><input type=\"hidden\" name=\"_wpcf7cf_hidden_groups\" value=\"[]\" \/><input type=\"hidden\" name=\"_wpcf7cf_visible_groups\" value=\"[]\" \/><input type=\"hidden\" name=\"_wpcf7cf_repeaters\" value=\"[]\" \/><input type=\"hidden\" name=\"_wpcf7cf_steps\" value=\"{}\" \/><input type=\"hidden\" name=\"_wpcf7cf_options\" value=\"{&quot;form_id&quot;:5285,&quot;conditions&quot;:[{&quot;then_field&quot;:&quot;allando&quot;,&quot;and_rules&quot;:[{&quot;if_field&quot;:&quot;ugyfel&quot;,&quot;operator&quot;:&quot;equals&quot;,&quot;if_value&quot;:&quot;\\u00c1lland\\u00f3&quot;}]},{&quot;then_field&quot;:&quot;uj&quot;,&quot;and_rules&quot;:[{&quot;if_field&quot;:&quot;ugyfel&quot;,&quot;operator&quot;:&quot;equals&quot;,&quot;if_value&quot;:&quot;\\u00daj&quot;}]},{&quot;then_field&quot;:&quot;nincs-ugyfelszam&quot;,&quot;and_rules&quot;:[{&quot;if_field&quot;:&quot;ugyfel&quot;,&quot;operator&quot;:&quot;equals&quot;,&quot;if_value&quot;:&quot;\\u00c1lland\\u00f3 \\u00fcgyf\\u00e9l vagyok, de nem tudom az \\u00fcgyf\\u00e9lsz\\u00e1mot&quot;}]},{&quot;then_field&quot;:&quot;karbantartas&quot;,&quot;and_rules&quot;:[{&quot;if_field&quot;:&quot;szolgaltatas&quot;,&quot;operator&quot;:&quot;equals&quot;,&quot;if_value&quot;:&quot;Karbantart\\u00e1s&quot;}]},{&quot;then_field&quot;:&quot;javitas&quot;,&quot;and_rules&quot;:[{&quot;if_field&quot;:&quot;szolgaltatas&quot;,&quot;operator&quot;:&quot;equals&quot;,&quot;if_value&quot;:&quot;Jav\\u00edt\\u00e1s&quot;}]},{&quot;then_field&quot;:&quot;uzembe&quot;,&quot;and_rules&quot;:[{&quot;if_field&quot;:&quot;szolgaltatas&quot;,&quot;operator&quot;:&quot;equals&quot;,&quot;if_value&quot;:&quot;\\u00dczembe helyez\\u00e9s&quot;}]},{&quot;then_field&quot;:&quot;csere&quot;,&quot;and_rules&quot;:[{&quot;if_field&quot;:&quot;szolgaltatas&quot;,&quot;operator&quot;:&quot;equals&quot;,&quot;if_value&quot;:&quot;K\\u00e9sz\\u00fcl\\u00e9k csere&quot;}]},{&quot;then_field&quot;:&quot;egyeb&quot;,&quot;and_rules&quot;:[{&quot;if_field&quot;:&quot;szolgaltatas&quot;,&quot;operator&quot;:&quot;equals&quot;,&quot;if_value&quot;:&quot;Egy\\u00e9b&quot;}]},{&quot;then_field&quot;:&quot;ariston&quot;,&quot;and_rules&quot;:[{&quot;if_field&quot;:&quot;gyartmany&quot;,&quot;operator&quot;:&quot;equals&quot;,&quot;if_value&quot;:&quot;Ariston&quot;}]},{&quot;then_field&quot;:&quot;egyeb&quot;,&quot;and_rules&quot;:[{&quot;if_field&quot;:&quot;gyartmany&quot;,&quot;operator&quot;:&quot;equals&quot;,&quot;if_value&quot;:&quot;Egy\\u00e9b&quot;}]}],&quot;settings&quot;:{&quot;animation&quot;:&quot;yes&quot;,&quot;animation_intime&quot;:200,&quot;animation_outtime&quot;:200,&quot;conditions_ui&quot;:&quot;normal&quot;,&quot;notice_dismissed&quot;:false}}\" \/><input type=\"hidden\" name=\"_wpcf7_recaptcha_response\" value=\"\" \/>\n<\/fieldset>\n<p><label>Az \u00d6n e-mail c\u00edme *:<br \/>\n<span class=\"wpcf7-form-control-wrap\" data-name=\"your-email\"><input size=\"40\" maxlength=\"400\" class=\"wpcf7-form-control wpcf7-email wpcf7-validates-as-required wpcf7-text wpcf7-validates-as-email\" aria-required=\"true\" aria-invalid=\"false\" value=\"\" type=\"email\" name=\"your-email\" \/><\/span><\/label><br \/>\n<label>\u00c1lland\u00f3, vagy \u00faj \u00fcgyfel\u00fcnk?<br \/>\n<span class=\"wpcf7-form-control-wrap\" data-name=\"ugyfel\"><select class=\"wpcf7-form-control wpcf7-select wpcf7-validates-as-required\" aria-required=\"true\" aria-invalid=\"false\" name=\"ugyfel\"><option value=\"\">-- V\u00e1lasszon! --<\/option><option value=\"\u00c1lland\u00f3\">\u00c1lland\u00f3<\/option><option value=\"\u00daj\">\u00daj<\/option><option value=\"\u00c1lland\u00f3 \u00fcgyf\u00e9l vagyok, de nem tudom az \u00fcgyf\u00e9lsz\u00e1mot\">\u00c1lland\u00f3 \u00fcgyf\u00e9l vagyok, de nem tudom az \u00fcgyf\u00e9lsz\u00e1mot<\/option><\/select><\/span><\/label>\n<\/p>\n<div data-id=\"allando\" data-orig_data_id=\"allando\"  class=\"\" data-class=\"wpcf7cf_group\">\n\t<p><label> \u00dcgyf\u00e9lsz\u00e1ma? \u00dcgyf\u00e9lsz\u00e1m\u00e1t megtal\u00e1lja a k\u00e9sz\u00fcl\u00e9ken l\u00e9v\u0151 c\u00edmk\u00e9n, vagy egy kor\u00e1bbi munkalap fejl\u00e9c\u00e9n (sorsz\u00e1m mez\u0151!).<span class=\"wpcf7-form-control-wrap\" data-name=\"ugyfelszam\"><input size=\"40\" maxlength=\"400\" class=\"wpcf7-form-control wpcf7-text wpcf7-validates-as-required\" aria-required=\"true\" aria-invalid=\"false\" value=\"\" type=\"text\" name=\"ugyfelszam\" \/><\/span> <\/label><br \/>\n<label>Melyik szolg\u00e1ltat\u00e1sunkat szeretn\u00e9 ig\u00e9nybe venni?:<br \/>\n<span class=\"wpcf7-form-control-wrap\" data-name=\"szolgaltatas\"><select class=\"wpcf7-form-control wpcf7-select wpcf7-validates-as-required\" aria-required=\"true\" aria-invalid=\"false\" name=\"szolgaltatas\"><option value=\"\">-- K\u00e9rj\u00fck v\u00e1lasszon! --<\/option><option value=\"Karbantart\u00e1s\">Karbantart\u00e1s<\/option><option value=\"Jav\u00edt\u00e1s\">Jav\u00edt\u00e1s<\/option><option value=\"\u00dczembe helyez\u00e9s\">\u00dczembe helyez\u00e9s<\/option><option value=\"K\u00e9sz\u00fcl\u00e9k csere\">K\u00e9sz\u00fcl\u00e9k csere<\/option><option value=\"Egy\u00e9b\">Egy\u00e9b<\/option><\/select><\/span><\/label><br \/>\n<span data-id=\"karbantartas\" data-orig_data_id=\"karbantartas\"  class=\"\" data-class=\"wpcf7cf_group\"><br \/>\nA kondenz\u00e1ci\u00f3s g\u00e1zkaz\u00e1n alapkarbantart\u00e1s jelenlegi \u00e1ra: 33000 Ft a kedvezm\u00e9nyes \u00e1ra (j\u00falius 20-ig t\u00f6rt\u00e9n\u0151 megrendel\u00e9s eset\u00e9n): 28000 Ft<br \/>\nR\u00e9szletek \u00e9s felt\u00e9telek az \"\u00c1raink\" oldalon.<br \/>\n<label> Milyen id\u0151pontban lenne \u00d6nnek alkalmas?<br \/>\n<span class=\"wpcf7-form-control-wrap\" data-name=\"jo_idopont\"><input size=\"40\" maxlength=\"400\" class=\"wpcf7-form-control wpcf7-text\" aria-invalid=\"false\" value=\"\" type=\"text\" name=\"jo_idopont\" \/><\/span><\/label><br \/>\n<label> Egy\u00e9b ig\u00e9nyek a karbantart\u00e1sra vonatkoz\u00f3lag: <span class=\"wpcf7-form-control-wrap\" data-name=\"karbantartas_igenyek\"><textarea cols=\"40\" rows=\"10\" maxlength=\"2000\" class=\"wpcf7-form-control wpcf7-textarea\" aria-invalid=\"false\" name=\"karbantartas_igenyek\"><\/textarea><\/span><\/label><br \/>\n<\/span>\n\t<\/p>\n\t<div data-id=\"javitas\" data-orig_data_id=\"javitas\"  class=\"\" data-class=\"wpcf7cf_group\">\n\t\t<p><label> Hibajelens\u00e9g le\u00edr\u00e1sa:<span class=\"wpcf7-form-control-wrap\" data-name=\"javitas_leirasa\"><textarea cols=\"40\" rows=\"10\" maxlength=\"2000\" class=\"wpcf7-form-control wpcf7-textarea\" aria-invalid=\"false\" name=\"javitas_leirasa\"><\/textarea><\/span><\/label><br \/>\n<label> Milyen id\u0151pontban lenne \u00d6nnek alkalmas?<br \/>\n<span class=\"wpcf7-form-control-wrap\" data-name=\"jav_ido\"><input size=\"40\" maxlength=\"400\" class=\"wpcf7-form-control wpcf7-text\" aria-invalid=\"false\" value=\"\" type=\"text\" name=\"jav_ido\" \/><\/span><\/label>\n\t\t<\/p>\n\t<\/div>\n\t<div data-id=\"uzembe\" data-orig_data_id=\"uzembe\"  class=\"\" data-class=\"wpcf7cf_group\">\n\t\t<p><label>A k\u00e9sz\u00fcl\u00e9k t\u00edpusa?<span class=\"wpcf7-form-control-wrap\" data-name=\"uzembe_tipus\"><input size=\"40\" maxlength=\"400\" class=\"wpcf7-form-control wpcf7-text\" aria-invalid=\"false\" value=\"\" type=\"text\" name=\"uzembe_tipus\" \/><\/span><\/label><br \/>\n<label> Milyen id\u0151pontban lenne \u00d6nnek alkalmas?<br \/>\n<span class=\"wpcf7-form-control-wrap\" data-name=\"uzembe_ido\"><input size=\"40\" maxlength=\"400\" class=\"wpcf7-form-control wpcf7-text\" aria-invalid=\"false\" value=\"\" type=\"text\" name=\"uzembe_ido\" \/><\/span><\/label><br \/>\n<label> Ig\u00e9nyek az \u00fczembe helyez\u00e9sre vonatkoz\u00f3lag:<span class=\"wpcf7-form-control-wrap\" data-name=\"uzembe_helyezesi_igenyek\"><textarea cols=\"40\" rows=\"10\" maxlength=\"2000\" class=\"wpcf7-form-control wpcf7-textarea\" aria-invalid=\"false\" name=\"uzembe_helyezesi_igenyek\"><\/textarea><\/span><\/label>\n\t\t<\/p>\n\t<\/div>\n\t<div data-id=\"csere\" data-orig_data_id=\"csere\"  class=\"\" data-class=\"wpcf7cf_group\">\n\t\t<p><label> K\u00e9rem \u00edrja le elk\u00e9pzel\u00e9s\u00e9t a k\u00e9sz\u00fcl\u00e9k cser\u00e9vel kapcsolatban:<span class=\"wpcf7-form-control-wrap\" data-name=\"keszulek_csere_leiras\"><textarea cols=\"40\" rows=\"10\" maxlength=\"2000\" class=\"wpcf7-form-control wpcf7-textarea\" aria-invalid=\"false\" name=\"keszulek_csere_leiras\"><\/textarea><\/span><\/label><br \/>\n<label> Milyen id\u0151pontban lenne \u00d6nnek alkalmas a felm\u00e9r\u00e9s?<br \/>\n<span class=\"wpcf7-form-control-wrap\" data-name=\"csere_ido\"><input size=\"40\" maxlength=\"400\" class=\"wpcf7-form-control wpcf7-text\" aria-invalid=\"false\" value=\"\" type=\"text\" name=\"csere_ido\" \/><\/span><\/label>\n\t\t<\/p>\n\t<\/div>\n\t<div data-id=\"egyeb\" data-orig_data_id=\"egyeb\"  class=\"\" data-class=\"wpcf7cf_group\">\n\t\t<p><label>K\u00e9rj\u00fck \u00edrja le milyen szolg\u00e1ltat\u00e1st szeretne ig\u00e9nybe venni:<br \/>\n<span class=\"wpcf7-form-control-wrap\" data-name=\"egyeb_szolgaltatas_igeny\"><textarea cols=\"40\" rows=\"10\" maxlength=\"2000\" class=\"wpcf7-form-control wpcf7-textarea\" aria-invalid=\"false\" name=\"egyeb_szolgaltatas_igeny\"><\/textarea><\/span><\/label>\n\t\t<\/p>\n\t<\/div>\n<\/div>\n<p><\/>\n<\/p>\n<div data-id=\"uj\" data-orig_data_id=\"uj\"  class=\"\" data-class=\"wpcf7cf_group\">\n\t<p><label>Az \u00d6n neve:<br \/>\n<span class=\"wpcf7-form-control-wrap\" data-name=\"uj_nev\"><input size=\"40\" maxlength=\"400\" class=\"wpcf7-form-control wpcf7-text\" aria-invalid=\"false\" value=\"\" type=\"text\" name=\"uj_nev\" \/><\/span><\/label><br \/>\n<label> Telefon sz\u00e1ma:<span class=\"wpcf7-form-control-wrap\" data-name=\"Telefon\"><input size=\"40\" maxlength=\"400\" class=\"wpcf7-form-control wpcf7-text\" aria-invalid=\"false\" value=\"\" type=\"text\" name=\"Telefon\" \/><\/span> <\/label><br \/>\n<label> Pontos c\u00edme:<span class=\"wpcf7-form-control-wrap\" data-name=\"uj_cim\"><input size=\"40\" maxlength=\"400\" class=\"wpcf7-form-control wpcf7-text\" aria-invalid=\"false\" value=\"\" type=\"text\" name=\"uj_cim\" \/><\/span><\/label><br \/>\n<label>Milyen gy\u00e1rtm\u00e1ny\u00fa a k\u00e9sz\u00fcl\u00e9ke?<br \/>\n<span class=\"wpcf7-form-control-wrap\" data-name=\"gyartmany\"><select class=\"wpcf7-form-control wpcf7-select wpcf7-validates-as-required\" aria-required=\"true\" aria-invalid=\"false\" name=\"gyartmany\"><option value=\"\">-- V\u00e1lasszon! --<\/option><option value=\"Nem tudom\">Nem tudom<\/option><option value=\"Ariston\">Ariston<\/option><option value=\"Beretta\">Beretta<\/option><option value=\"Biasi\">Biasi<\/option><option value=\"Bosch t\u0171zhely\">Bosch t\u0171zhely<\/option><option value=\"Br\u00f6tje\">Br\u00f6tje<\/option><option value=\"F\u00e9g kaz\u00e1n\">F\u00e9g kaz\u00e1n<\/option><option value=\"F\u00e9g konvektor\">F\u00e9g konvektor<\/option><option value=\"Ferroli\">Ferroli<\/option><option value=\"Fondital\">Fondital<\/option><option value=\"Hajdu\">Hajdu<\/option><option value=\"Radiant\">Radiant<\/option><option value=\"Unical\">Unical<\/option><option value=\"Vaillant\">Vaillant<\/option><option value=\"Westen\">Westen<\/option><option value=\"Wolf\">Wolf<\/option><option value=\"Egy\u00e9b\">Egy\u00e9b<\/option><\/select><\/span><\/label><br \/>\n<span data-id=\"ariston\" data-orig_data_id=\"ariston\"  class=\"\" data-class=\"wpcf7cf_group\"><br \/>\nAz Ariston k\u00e9sz\u00fcl\u00e9k t\u00edpusa:<br \/>\n<span class=\"wpcf7-form-control-wrap\" data-name=\"tipus\"><select class=\"wpcf7-form-control wpcf7-select wpcf7-validates-as-required\" aria-required=\"true\" aria-invalid=\"false\" name=\"tipus\"><option value=\"V\u00e1lasszon!\">V\u00e1lasszon!<\/option><option value=\"Genus One\">Genus One<\/option><option value=\"Clas One\">Clas One<\/option><option value=\"Genus premium\">Genus premium<\/option><option value=\"Clas premium\">Clas premium<\/option><option value=\"Kondenz\u00e1ci\u00f3s\">Kondenz\u00e1ci\u00f3s<\/option><option value=\"K\u00e9m\u00e9nyes\">K\u00e9m\u00e9nyes<\/option><option value=\"Turb\u00f3s\">Turb\u00f3s<\/option><option value=\"Melegv\u00edz t\u00e1rol\u00f3\">Melegv\u00edz t\u00e1rol\u00f3<\/option><option value=\"Egy\u00e9b\">Egy\u00e9b<\/option><option value=\"Nem tudom\">Nem tudom<\/option><\/select><\/span><br \/>\n<\/span><br \/>\n<span data-id=\"egyeb\" data-orig_data_id=\"egyeb\"  class=\"\" data-class=\"wpcf7cf_group\"><br \/>\n<label> Adja meg a k\u00e9sz\u00fcl\u00e9k t\u00edpus\u00e1t! <span class=\"wpcf7-form-control-wrap\" data-name=\"egyeb_tipus\"><input size=\"40\" maxlength=\"400\" class=\"wpcf7-form-control wpcf7-text\" aria-invalid=\"false\" value=\"\" type=\"text\" name=\"egyeb_tipus\" \/><\/span><\/label><br \/>\n<\/span><br \/>\nMilyen szolg\u00e1ltat\u00e1st szeretne ig\u00e9nybe venni?<br \/>\n<span class=\"wpcf7-form-control-wrap\" data-name=\"szolgaltatas_uj\"><select class=\"wpcf7-form-control wpcf7-select\" aria-invalid=\"false\" name=\"szolgaltatas_uj\"><option value=\"V\u00e1lasszon!\">V\u00e1lasszon!<\/option><option value=\"Karbantart\u00e1s\">Karbantart\u00e1s<\/option><option value=\"Jav\u00edt\u00e1s\">Jav\u00edt\u00e1s<\/option><option value=\"\u00dczembe helyez\u00e9s\">\u00dczembe helyez\u00e9s<\/option><option value=\"K\u00e9sz\u00fcl\u00e9k csere\">K\u00e9sz\u00fcl\u00e9k csere<\/option><option value=\"Egy\u00e9b\">Egy\u00e9b<\/option><\/select><\/span><br \/>\n\u00cdrja le a hibajelens\u00e9get, vagy egy\u00e9b k\u00f6zlend\u0151j\u00e9t!<span class=\"wpcf7-form-control-wrap\" data-name=\"hiba_vagy_egyeb\"><textarea cols=\"40\" rows=\"10\" maxlength=\"2000\" class=\"wpcf7-form-control wpcf7-textarea\" aria-invalid=\"false\" name=\"hiba_vagy_egyeb\"><\/textarea><\/span>\n\t<\/p>\n<\/div>\n<div data-id=\"nincs-ugyfelszam\" data-orig_data_id=\"nincs-ugyfelszam\"  class=\"\" data-class=\"wpcf7cf_group\">\n\t<p>K\u00e9j\u00fck adja meg adatait, megkeress\u00fck a nyilv\u00e1ntart\u00e1sunkban \u00e9s jelentkez\u00fcnk.<br \/>\n<label>Az \u00d6n neve:<br \/>\n<span class=\"wpcf7-form-control-wrap\" data-name=\"nincsugyfel_nev\"><input size=\"40\" maxlength=\"400\" class=\"wpcf7-form-control wpcf7-text\" aria-invalid=\"false\" value=\"\" type=\"text\" name=\"nincsugyfel_nev\" \/><\/span><\/label><br \/>\n<label> Pontos c\u00edme:<span class=\"wpcf7-form-control-wrap\" data-name=\"nincsugyfel_cim\"><input size=\"40\" maxlength=\"400\" class=\"wpcf7-form-control wpcf7-text\" aria-invalid=\"false\" value=\"\" type=\"text\" name=\"nincsugyfel_cim\" \/><\/span><\/label><br \/>\nMilyen szolg\u00e1ltat\u00e1sunkat szeretn\u00e9 ig\u00e9nybe venni?<br \/>\n<span class=\"wpcf7-form-control-wrap\" data-name=\"Szolgaltatas1\"><select class=\"wpcf7-form-control wpcf7-select\" aria-invalid=\"false\" name=\"Szolgaltatas1\"><option value=\"V\u00e1lasszon!\">V\u00e1lasszon!<\/option><option value=\"Karbantart\u00e1s\">Karbantart\u00e1s<\/option><option value=\"Jav\u00edt\u00e1s\">Jav\u00edt\u00e1s<\/option><option value=\"\u00dczembe helyez\u00e9s  K\u00e9sz\u00fcl\u00e9k csere\">\u00dczembe helyez\u00e9s  K\u00e9sz\u00fcl\u00e9k csere<\/option><option value=\"Egy\u00e9b\">Egy\u00e9b<\/option><\/select><\/span>\n\t<\/p>\n<\/div>\n<p><input class=\"wpcf7-form-control wpcf7-submit has-spinner\" type=\"submit\" value=\"\u0170rlap tov\u00e1bb\u00edt\u00e1sa\" \/>\n<\/p><p style=\"display: none !important;\" class=\"akismet-fields-container\" data-prefix=\"_wpcf7_ak_\"><label>&#916;<textarea name=\"_wpcf7_ak_hp_textarea\" cols=\"45\" rows=\"8\" maxlength=\"100\"><\/textarea><\/label><input type=\"hidden\" id=\"ak_js_1\" name=\"_wpcf7_ak_js\" value=\"102\"\/><script type=\"text\/javascript\">\n\/* <![CDATA[ *\/\ndocument.getElementById( \"ak_js_1\" ).setAttribute( \"value\", ( new Date() ).getTime() );\n\/* ]]> *\/\n<\/script>\n<\/p><div class=\"fusion-alert alert custom alert-custom fusion-alert-center wpcf7-response-output awb-alert-native-link-color alert-dismissable awb-alert-close-boxed\" style=\"--awb-border-size:0px;--awb-border-top-left-radius:0px;--awb-border-top-right-radius:0px;--awb-border-bottom-left-radius:0px;--awb-border-bottom-right-radius:0px;\" role=\"alert\"><div class=\"fusion-alert-content-wrapper\"><span class=\"fusion-alert-content\"><\/span><\/div><button type=\"button\" class=\"close toggle-alert\" data-dismiss=\"alert\" aria-label=\"Bez\u00e1r\u00e1s\">&times;<\/button><\/div>\n<\/form>\n<\/div>\n<\/div><\/div><\/div><\/div>\n","protected":false},"excerpt":{"rendered":"","protected":false},"author":1,"featured_media":0,"parent":0,"menu_order":0,"comment_status":"closed","ping_status":"closed","template":"","meta":{"footnotes":""},"class_list":["post-5515","page","type-page","status-publish","hentry"],"yoast_head":"<!-- This site is optimized with the Yoast SEO plugin v27.5 - https:\/\/yoast.com\/product\/yoast-seo-wordpress\/ -->\n<title>Kapcsolat - Somagazkft<\/title>\n<meta name=\"robots\" content=\"index, follow, max-snippet:-1, max-image-preview:large, max-video-preview:-1\" \/>\n<link rel=\"canonical\" href=\"https:\/\/www.somagazkft.hu\/?page_id=5515\" \/>\n<meta property=\"og:locale\" content=\"hu_HU\" \/>\n<meta property=\"og:type\" content=\"article\" \/>\n<meta property=\"og:title\" content=\"Kapcsolat - Somagazkft\" \/>\n<meta property=\"og:url\" content=\"https:\/\/www.somagazkft.hu\/?page_id=5515\" \/>\n<meta property=\"og:site_name\" content=\"Somagazkft\" \/>\n<meta property=\"article:modified_time\" content=\"2022-02-22T08:35:48+00:00\" \/>\n<meta name=\"twitter:card\" content=\"summary_large_image\" \/>\n<meta name=\"twitter:label1\" content=\"Becs\u00fclt olvas\u00e1si id\u0151\" \/>\n\t<meta name=\"twitter:data1\" content=\"2 perc\" \/>\n<script type=\"application\/ld+json\" class=\"yoast-schema-graph\">{\"@context\":\"https:\\\/\\\/schema.org\",\"@graph\":[{\"@type\":\"WebPage\",\"@id\":\"https:\\\/\\\/www.somagazkft.hu\\\/?page_id=5515\",\"url\":\"https:\\\/\\\/www.somagazkft.hu\\\/?page_id=5515\",\"name\":\"Kapcsolat - Somagazkft\",\"isPartOf\":{\"@id\":\"https:\\\/\\\/www.somagazkft.hu\\\/#website\"},\"datePublished\":\"2022-02-21T20:23:08+00:00\",\"dateModified\":\"2022-02-22T08:35:48+00:00\",\"breadcrumb\":{\"@id\":\"https:\\\/\\\/www.somagazkft.hu\\\/?page_id=5515#breadcrumb\"},\"inLanguage\":\"hu\",\"potentialAction\":[{\"@type\":\"ReadAction\",\"target\":[\"https:\\\/\\\/www.somagazkft.hu\\\/?page_id=5515\"]}]},{\"@type\":\"BreadcrumbList\",\"@id\":\"https:\\\/\\\/www.somagazkft.hu\\\/?page_id=5515#breadcrumb\",\"itemListElement\":[{\"@type\":\"ListItem\",\"position\":1,\"name\":\"Kezd\u0151lap\",\"item\":\"https:\\\/\\\/www.somagazkft.hu\\\/\"},{\"@type\":\"ListItem\",\"position\":2,\"name\":\"Kapcsolat\"}]},{\"@type\":\"WebSite\",\"@id\":\"https:\\\/\\\/www.somagazkft.hu\\\/#website\",\"url\":\"https:\\\/\\\/www.somagazkft.hu\\\/\",\"name\":\"Somagazkft\",\"description\":\"g\u00e1zf\u0171t\u00e9s , g\u00e1zkaz\u00e1n jav\u00edt\u00e1s, szervizel\u00e9s, karbantart\u00e1s, g\u00e1zkaz\u00e1n csere\",\"potentialAction\":[{\"@type\":\"SearchAction\",\"target\":{\"@type\":\"EntryPoint\",\"urlTemplate\":\"https:\\\/\\\/www.somagazkft.hu\\\/?s={search_term_string}\"},\"query-input\":{\"@type\":\"PropertyValueSpecification\",\"valueRequired\":true,\"valueName\":\"search_term_string\"}}],\"inLanguage\":\"hu\"}]}<\/script>\n<!-- \/ Yoast SEO plugin. -->","yoast_head_json":{"title":"Kapcsolat - Somagazkft","robots":{"index":"index","follow":"follow","max-snippet":"max-snippet:-1","max-image-preview":"max-image-preview:large","max-video-preview":"max-video-preview:-1"},"canonical":"https:\/\/www.somagazkft.hu\/?page_id=5515","og_locale":"hu_HU","og_type":"article","og_title":"Kapcsolat - Somagazkft","og_url":"https:\/\/www.somagazkft.hu\/?page_id=5515","og_site_name":"Somagazkft","article_modified_time":"2022-02-22T08:35:48+00:00","twitter_card":"summary_large_image","twitter_misc":{"Becs\u00fclt olvas\u00e1si id\u0151":"2 perc"},"schema":{"@context":"https:\/\/schema.org","@graph":[{"@type":"WebPage","@id":"https:\/\/www.somagazkft.hu\/?page_id=5515","url":"https:\/\/www.somagazkft.hu\/?page_id=5515","name":"Kapcsolat - Somagazkft","isPartOf":{"@id":"https:\/\/www.somagazkft.hu\/#website"},"datePublished":"2022-02-21T20:23:08+00:00","dateModified":"2022-02-22T08:35:48+00:00","breadcrumb":{"@id":"https:\/\/www.somagazkft.hu\/?page_id=5515#breadcrumb"},"inLanguage":"hu","potentialAction":[{"@type":"ReadAction","target":["https:\/\/www.somagazkft.hu\/?page_id=5515"]}]},{"@type":"BreadcrumbList","@id":"https:\/\/www.somagazkft.hu\/?page_id=5515#breadcrumb","itemListElement":[{"@type":"ListItem","position":1,"name":"Kezd\u0151lap","item":"https:\/\/www.somagazkft.hu\/"},{"@type":"ListItem","position":2,"name":"Kapcsolat"}]},{"@type":"WebSite","@id":"https:\/\/www.somagazkft.hu\/#website","url":"https:\/\/www.somagazkft.hu\/","name":"Somagazkft","description":"g\u00e1zf\u0171t\u00e9s , g\u00e1zkaz\u00e1n jav\u00edt\u00e1s, szervizel\u00e9s, karbantart\u00e1s, g\u00e1zkaz\u00e1n csere","potentialAction":[{"@type":"SearchAction","target":{"@type":"EntryPoint","urlTemplate":"https:\/\/www.somagazkft.hu\/?s={search_term_string}"},"query-input":{"@type":"PropertyValueSpecification","valueRequired":true,"valueName":"search_term_string"}}],"inLanguage":"hu"}]}},"jetpack-related-posts":[{"id":1277,"url":"https:\/\/www.somagazkft.hu\/","url_meta":{"origin":5515,"position":0},"title":"Mechanic Home","author":"admin","date":"2021.07.19.","format":false,"excerpt":"","rel":"","context":"Similar post","block_context":{"text":"Similar post","link":""},"img":{"alt_text":"","src":"","width":0,"height":0},"classes":[]},{"id":41,"url":"https:\/\/www.somagazkft.hu\/?page_id=41","url_meta":{"origin":5515,"position":1},"title":"Contact","author":"admin","date":"2021.01.20.","format":false,"excerpt":"","rel":"","context":"Similar post","block_context":{"text":"Similar post","link":""},"img":{"alt_text":"","src":"","width":0,"height":0},"classes":[]},{"id":951,"url":"https:\/\/www.somagazkft.hu\/?page_id=951","url_meta":{"origin":5515,"position":2},"title":"F.A.Q","author":"admin","date":"2021.02.01.","format":false,"excerpt":"","rel":"","context":"Similar post","block_context":{"text":"Similar post","link":""},"img":{"alt_text":"","src":"","width":0,"height":0},"classes":[]},{"id":27,"url":"https:\/\/www.somagazkft.hu\/?page_id=27","url_meta":{"origin":5515,"position":3},"title":"D\u00edjszab\u00e1s","author":"admin","date":"2010.05.09.","format":false,"excerpt":"","rel":"","context":"Similar post","block_context":{"text":"Similar post","link":""},"img":{"alt_text":"","src":"","width":0,"height":0},"classes":[]}],"jetpack_sharing_enabled":true,"_links":{"self":[{"href":"https:\/\/www.somagazkft.hu\/index.php?rest_route=\/wp\/v2\/pages\/5515","targetHints":{"allow":["GET"]}}],"collection":[{"href":"https:\/\/www.somagazkft.hu\/index.php?rest_route=\/wp\/v2\/pages"}],"about":[{"href":"https:\/\/www.somagazkft.hu\/index.php?rest_route=\/wp\/v2\/types\/page"}],"author":[{"embeddable":true,"href":"https:\/\/www.somagazkft.hu\/index.php?rest_route=\/wp\/v2\/users\/1"}],"replies":[{"embeddable":true,"href":"https:\/\/www.somagazkft.hu\/index.php?rest_route=%2Fwp%2Fv2%2Fcomments&post=5515"}],"version-history":[{"count":4,"href":"https:\/\/www.somagazkft.hu\/index.php?rest_route=\/wp\/v2\/pages\/5515\/revisions"}],"predecessor-version":[{"id":5521,"href":"https:\/\/www.somagazkft.hu\/index.php?rest_route=\/wp\/v2\/pages\/5515\/revisions\/5521"}],"wp:attachment":[{"href":"https:\/\/www.somagazkft.hu\/index.php?rest_route=%2Fwp%2Fv2%2Fmedia&parent=5515"}],"curies":[{"name":"wp","href":"https:\/\/api.w.org\/{rel}","templated":true}]}}